t z = 1 + 1. Let o be (1 + z)*242/6. What is the greatest common divisor of o and n?
11
Suppose 25 = 16*i + 7 - 14. Calculate the highest common factor of 166 and i.
2
Let c = -19544 - -19595. What is the greatest common factor of 17663 and c?
17
Let g be 6*((-2)/(-3))/((-19)/(-152)). What is the greatest common factor of g and 1808?
16
Suppose 4*d + 19 + 1 = 0, 2*d + 354 = 4*o. Suppose -15*f - o = -16*f. Suppose -4*r + 22 = -f. Calculate the highest common divisor of r and 216.
27
Suppose -2*z + 5*m + 4657 = 0, 0 = -385*z + 381*z - m + 9391. Calculate the greatest common divisor of 1311 and z.
69
Let w be (7 - 2264)*(-7)/7. What is the highest common factor of w and 61?
61
Let j = -2889 + 2898. Calculate the highest common divisor of j and 23.
1
Let n = 30 + -16. Suppose 6*f + n - 206 = 0. Let u(k) = -k. Let q be u(-4). What is the greatest common factor of f and q?
4
Suppose -2*b + 14*n = 9*n - 20, n = 5*b - 27. Suppose -79 + 2 = -4*r - b*o, 5*r = -3*o + 106. Calculate the greatest common divisor of 46 and r.
23
Let u = -6092 + 6293. Calculate the highest common divisor of 3283 and u.
67
Let f = 10013 + -2749. Calculate the greatest common factor of 32 and f.
32
Suppose 2*b = 1086 + 474. Calculate the highest common factor of b and 60.
60
Let x(j) = -j**3 + 15*j**2 + 196*j - 68. Let v be x(23). Let r = 7 - -6. Calculate the greatest common divisor of v and r.
13
Let f be (735/14)/(-7)*(5 + 405/(-25)). Calculate the greatest common divisor of 1752 and f.
12
Suppose 10 = 2*s + 4, 0 = -5*a - s - 307. Let z be (-899)/a + 1/2. Suppose 5*h - p = 70, -7 = -4*h - 4*p + 73. What is the highest common divisor of z and h?
15
Let b(j) = -j**3 + 20*j**2 - 99*j + 4. Suppose t + t - 20 = 0. Let w be b(t). Calculate the highest common divisor of 1330 and w.
14
Suppose 5*i = 2*c - 5279, -c + 11*i + 2637 = 8*i. Calculate the highest common divisor of c and 468.
156
Let t(f) = 3*f**2 - 22*f + 10. Suppose 0 = 4*m + 5*u - 33, 2*m = 69*u - 73*u + 18. Let n be t(m). What is the greatest common divisor of 93 and n?
3
Let h be (168/20)/(3/20 + 0). Suppose 0*x + 4*c = -x + h, x + c = 47. Calculate the highest common divisor of x and 11.
11
Let l(m) be the third derivative of m**6/120 + 31*m**5/60 + 29*m**4/24 - m**3 - 6*m**2 - 11. Let k be l(-30). Calculate the highest common factor of k and 264.
24
Suppose -5*n = -d - 12, -3*d + 7 = 4*n - 14. Suppose -1 = 3*l - n*x - 829, -2*x = -3*l + 831. What is the highest common divisor of l and 31?
31
Let o = -3064 + 3206. What is the greatest common factor of o and 18176?
142
Let z = 2529 - 2514. Let p = -76 + 151. What is the highest common factor of z and p?
15
Suppose -926*z = -929*z - 4*j + 2308, 3*j - 2307 = -3*z. What is the greatest common divisor of z and 320?
64
Suppose 34*t = 32*t. Suppose 0*w + 3*w - 8 = v, 2*v + 10 = t. What is the highest common divisor of 1 and w?
1
Suppose h + 1 = 26. Let r = 1131 + -540. Suppose 380 = 4*p + 4*u, r - 66 = 5*p - 5*u. What is the highest common factor of p and h?
25
Let d be ((-30)/7 + 16/56)/(-2). Let q be (d + -1)/(2/(-2)). Let g be 90 - (1 + q + (0 - 1)). Calculate the highest common factor of g and 13.
13
Let w be 678/21 + (-12)/42. Suppose 260 - 964 = -2*m. Calculate the greatest common divisor of m and w.
32
Let l(r) = -r**2 - 12*r - 6. Let g be l(-8). Let f be 1/((-27)/7794) - 8/6. Let p = -251 - f. What is the greatest common factor of g and p?
13
Let z(o) = -o**3 - 7*o**2 - 6*o - 1. Let x be z(-6). Let c be (-2)/x*2*(-9)/12. Let k be 5/30*-3 - c/2. Calculate the greatest common divisor of k and 3.
1
Let u = 62 - 45. Suppose 0 = u*o - 6*o - 33. What is the highest common factor of 5 and o?
1
Let h = 74 - -601. What is the highest common divisor of 150 and h?
75
Let r(q) = -30*q + 67 + 16*q + 11*q. Let b be r(22). What is the highest common divisor of b and 16?
1
Let h be 2273/13 + -1 - (-13)/(2197/26). Suppose -g - 3*g + 928 = 0. Calculate the greatest common divisor of h and g.
58
Suppose -3*m - 4*u = m - 340, -2*u + 8 = 0. Let a be -32 + 29/(-464)*-9584. What is the highest common factor of m and a?
81
Let h be 4 - ((-6 - -6) + -6). Let w be (0 - 6)*(-10)/3. Let x = w - h. What is the greatest common factor of 80 and x?
10
Let f(c) = c**3 - 4*c**2 - 49*c + 140. Let l be f(8). Calculate the highest common divisor of 1458 and l.
2
Let n be (-3471)/178*1*-4. Calculate the greatest common factor of 3354 and n.
78
Let k be ((-236)/10)/((-95)/38950). Calculate the highest common divisor of k and 354.
118
Let b be 0 - 5/10*-110. Suppose m + 9*l - b = 5*l, -105 = -3*m + 3*l. Calculate the highest common divisor of m and 624.
39
Suppose -18*z - 3651 = -3795. Let d(k) = 3*k**2 - 7*k + 8. Let o be d(6). Calculate the greatest common factor of z and o.
2
Suppose -3*p + 387 = 4*s, 5*p + 455 - 1111 = -3*s. Calculate the highest common factor of p and 1463.
133
Suppose m = 2*n - 0*n + 4815, -2*m = n - 9640. What is the greatest common factor of m and 158?
79
Let h = 14985 + -14718. Calculate the greatest common divisor of 2581 and h.
89
Suppose -3*f + 168 = j + 3*j, 3*f - 78 = -2*j. Let t(z) = 41*z + 217. Let o be t(-2). What is the highest common divisor of j and o?
45
Suppose -28*c + 24*c - 6468 = 0. Let f be (4/6)/((-22)/c). What is the highest common divisor of f and 14?
7
Let x be (-8)/(-36) + (-34)/(-9). Suppose -124 = -x*j + 36. Suppose 298*w + 8 = 299*w. What is the highest common divisor of j and w?
8
Suppose 92 - 16 = 6*m + 2*g, -4*m + 2*g = -74. Calculate the highest common divisor of 3000 and m.
15
Suppose -4*b = g + 2*g - 44, -3*b = -4*g - 8. Let m(z) = 3*z**2 - 19*z - 6. Let o be m(b). What is the greatest common factor of o and 68?
34
Let t(p) = p**3 - 2*p**2 + p + 10. Let s be t(0). Suppose -2*z + s*z = 1152. Suppose 0*b = 2*b - z. Calculate the highest common factor of 9 and b.
9
Suppose -t + 3*h - 7*h + 29 = 0, t - 4*h = 29. Let f = t - -127. What is the greatest common factor of f and 36?
12
Let u(z) = z**2 + 4*z - 5. Let i be u(5). Suppose 2*w + 5*r + 835 = 0, -3*r + 4*r + 831 = -2*w. Let y = w + 695. Calculate the highest common factor of y and i.
40
Let t be -15 + -15 + 14 - -22. What is the highest common divisor of t and 606?
6
Let g(v) = v**3 - 2*v**2 - 11*v - 2. Let m be g(-2). Suppose -5*o - l + 1440 = 0, 0 = -o + 3*o + m*l - 558. Calculate the highest common factor of o and 51.
17
Suppose 6*r + 2*r - 280 = -6*r. Calculate the greatest common divisor of 65 and r.
5
Let g(z) = -3*z - 30. Let j be g(-10). Let v be (-4)/(-14) + j + (-6146)/(-98). Calculate the greatest common factor of v and 14.
7
Suppose -7*k + 10*k = 219. Let w = k - 71. Suppose -2*v + 3*s + 356 = w*s, -2*s + 696 = 4*v. Calculate the greatest common divisor of 22 and v.
22
Let p = -34228 - -49155. What is the greatest common divisor of p and 59?
59
Let b(a) = a**3 - 36*a**2 + 105*a - 99. Let j be b(33). Calculate the greatest common divisor of 63 and j.
9
Let u(k) = 8*k**2 - 7*k. Suppose 0 = -3*q - 11 + 23. Let m be u(q). Calculate the highest common divisor of m and 40.
20
Let d = -4690 + 7437. Calculate the highest common factor of 41 and d.
41
Let d = 207 - 142. Let p(q) = q**3 - 11*q - 37. Let h be p(5). Let f = d + h. What is the highest common factor of f and 14?
14
Suppose -5*q = 4*d - 185, -9*q - 180 = -14*q - 3*d. Calculate the highest common factor of q and 1023.
33
Let w be (-148518)/(-1561) + -1*(-3)/(-21). Calculate the highest common factor of w and 5035.
95
Suppose 7810 = 5*l - 5*a, -6*a - 7806 = -10*l + 5*l. Calculate the greatest common factor of 580 and l.
58
Let k be 33/(0 - 9/(-6)). Let i be 3 - 1 - -5*3/(-3). Let n(m) = -m - 1. Let b be n(i). Calculate the highest common divisor of b and k.
2
Let b = 14805 + -14803. Calculate the highest common factor of b and 2206.
2
Suppose -621 = -r - 2*r. Suppose -2*l - 3*q = -8*q - 115, -3*l - 4*q + r = 0. Let h = l + 34. Calculate the greatest common divisor of h and 9.
9
Let u = 355 - 283. Suppose -4*c - q + 66 = 0, -6*c - 2*q - u = -10*c. Calculate the highest common divisor of 323 and c.
17
Let n = 328 - 309. Suppose 3*v - 50 - n = 0. What is the greatest common divisor of v and 4?
1
Suppose -y = -4*y + 3. Let h(q) = -q**2 + 3*q - 2. Let g be h(y). Suppose -4*d - 16 + 64 = g. What is the highest common divisor of d and 108?
